{"id":11840,"date":"2024-03-12T11:20:50","date_gmt":"2024-03-12T10:20:50","guid":{"rendered":"http:\/\/idmybusiness.com\/?post_type=ufaq&#038;p=11840"},"modified":"2024-03-13T13:56:42","modified_gmt":"2024-03-13T12:56:42","slug":"je-suis-en-vacances-je-veux-adopter-un-chaton-a-marrakech","status":"publish","type":"ufaq","link":"http:\/\/idmybusiness.com\/de\/ufaq\/je-suis-en-vacances-je-veux-adopter-un-chaton-a-marrakech\/","title":{"rendered":"Je suis en vacances. Je veux adopter un chaton \u00e0 Marrakech"},"content":{"rendered":"<div  class=\"ewd-ufaq-faq-list ewd-ufaq-page-type-distinct ewd-ufaq-category-tabs-\" id='ewd-ufaq-faq-list'>\n\n\t<input type='hidden' name='show_on_load' value='' id='ewd-ufaq-show-on-load' \/>\n<input type='hidden' name='include_category' value='' id='ewd-ufaq-include-category' \/>\n<input type='hidden' name='exclude_category' value='' id='ewd-ufaq-exclude-category' \/>\n<input type='hidden' name='orderby' value='title' id='ewd-ufaq-orderby' \/>\n<input type='hidden' name='order' value='asc' id='ewd-ufaq-order' \/>\n<input type='hidden' name='post_count' value='-1' id='ewd-ufaq-post-count' \/>\n<input type='hidden' name='current_url' value='\/de\/wp-json\/wp\/v2\/ufaq\/11840' id='ewd-ufaq-current-url' \/>\n\t\n\t\n\t<div class='ewd-ufaq-faqs'>\n\n\t\t<div  class=\"ewd-ufaq-faq-div ewd-ufaq-faq-column-count-one ewd-ufaq-faq-responsive-columns- ewd-ufaq-faq-display-style-default ewd-ufaq-can-be-toggled\" id='ewd-ufaq-post-11840-fVFWuDfodE' data-post_id='11840'>\n\n\t\t\n\t<div class='ewd-ufaq-faq-title ewd-ufaq-faq-toggle'>\n\t\n\t<a class='ewd-ufaq-post-margin'  href='#' role=\"button\">\n\n\t\t<div class='ewd-ufaq-post-margin-symbol ewd-ufaq-'>\n\t\t\t<span >A<\/span>\n\t\t<\/div>\n\n\t\t<div class='ewd-ufaq-faq-title-text'>\n\n\t\t\t<h4>\n\t\t\t\tJe suis en vacances. Je veux adopter un chaton \u00e0 Marrakech\t\t\t<\/h4>\n\n\t\t<\/div>\n\n\t\t<div class='ewd-ufaq-clear'><\/div>\n\n\t<\/a>\n\t\n<\/div>\n\t\n\t<div class='ewd-ufaq-faq-body' >\n\n\t\t\n\t\t\t<div class='ewd-ufaq-faq-categories'>\n\t\n\tKategorie:\n\t\n\t\tAdoptions\n\t\n<\/div>\n\t\t\n\t\t\t<div class='ewd-ufaq-post-margin ewd-ufaq-faq-post'>\n\t<h3><\/h3>\n<h3>Etape 1 &#8211; Je vaccine<\/h3>\n<div>A 3 mois je fais un contr\u00f4le de sant\u00e9 chez le v\u00e9t\u00e9rinaire et la 1\u00e8re vaccination contre la rage<\/div>\n<div>A 4 mois, je fais le rappel de vaccination<\/div>\n<div><\/div>\n<h3>Etape 2 &#8211; S\u00e9rologie<\/h3>\n<div>A 5 mois, le v\u00e9t\u00e9rinaire fait un pr\u00e9l\u00e8vement sanguin pour contr\u00f4ler les anticorps<\/div>\n<div>Il pose une puce pour l&#8217;identification<\/div>\n<div><\/div>\n<h3>Etape 3 &#8211; Le d\u00e9lai de carence<\/h3>\n<div>Si le r\u00e9sultat du test est positif, je respecte un d\u00e9lai de carence de 3 mois avant de venir chercher mon chaton<\/div>\n<div><\/div>\n<h3>Etape 4 &#8211; Je cherche mon chaton<\/h3>\n<div>Je le pr\u00e9sente \u00e0 l&#8217;ONSSA pour obtenir son autorisation de sortie du territoire marocaine<\/div>\n<div>Je prends l&#8217;avion avec lui (Royal Air Maroc, Transavia, Air France ou Volotea)<\/div>\n<\/div>\n\t\t\n\t\t\t\n\t\t\n\t\t\t\n\t\t\n\t\t\t\n\t\t\n\t\t\t\n\t\t\n\t\t\t\n\t\t\n\t\t\t<div class='ewd-ufaq-permalink'>\n\t\n\t<a href='http:\/\/idmybusiness.com\/de\/ufaq\/je-suis-en-vacances-je-veux-adopter-un-chaton-a-marrakech\/?Display_FAQ=11840'>\n\t\t\n\t\t\t\t <div class='ewd-ufaq-permalink-image'><\/div> \t\n\t<\/a>\n\n<\/div>\n\t\t\n\t\t\t\n\t\t\n\t\t\t\n\t\t\n\t<\/div>\n\n<\/div>\n\t<\/div>\n\n\t\n<\/div>","protected":false},"excerpt":{"rendered":"<p>A Je suis en vacances. Je veux adopter un chaton \u00e0 Marrakech Kategorie: Adoptions Etape 1 &#8211; Je vaccine A 3 mois je fais un contr\u00f4le de sant\u00e9 chez le v\u00e9t\u00e9rinaire et la 1\u00e8re vaccination contre la rage A 4 mois, je fais le rappel de vaccination Etape 2 &#8211; S\u00e9rologie A 5 mois, le&hellip;<\/p>\n","protected":false},"author":5,"featured_media":0,"comment_status":"closed","ping_status":"closed","template":"","ufaq-category":[25],"ufaq-tag":[],"class_list":["post-11840","ufaq","type-ufaq","status-publish","hentry","ufaq-category-adoptions"],"yoast_head":"<!-- This site is optimized with the Yoast SEO plugin v27.5 - https:\/\/yoast.com\/product\/yoast-seo-wordpress\/ -->\n<title>Je suis en vacances. Je veux adopter un chaton \u00e0 Marrakech - Le chat rouge<\/title>\n<meta name=\"robots\" content=\"index, follow, max-snippet:-1, max-image-preview:large, max-video-preview:-1\" \/>\n<link rel=\"canonical\" href=\"http:\/\/idmybusiness.com\/de\/ufaq\/je-suis-en-vacances-je-veux-adopter-un-chaton-a-marrakech\/\" \/>\n<meta property=\"og:locale\" content=\"de_DE\" \/>\n<meta property=\"og:type\" content=\"article\" \/>\n<meta property=\"og:title\" content=\"Je suis en vacances. Je veux adopter un chaton \u00e0 Marrakech - Le chat rouge\" \/>\n<meta property=\"og:description\" content=\"A Je suis en vacances. Je veux adopter un chaton \u00e0 Marrakech Kategorie: Adoptions Etape 1 &#8211; Je vaccine A 3 mois je fais un contr\u00f4le de sant\u00e9 chez le v\u00e9t\u00e9rinaire et la 1\u00e8re vaccination contre la rage A 4 mois, je fais le rappel de vaccination Etape 2 &#8211; S\u00e9rologie A 5 mois, le&hellip;\" \/>\n<meta property=\"og:url\" content=\"http:\/\/idmybusiness.com\/de\/ufaq\/je-suis-en-vacances-je-veux-adopter-un-chaton-a-marrakech\/\" \/>\n<meta property=\"og:site_name\" content=\"Le chat rouge\" \/>\n<meta property=\"article:modified_time\" content=\"2024-03-13T12:56:42+00:00\" \/>\n<meta name=\"twitter:card\" content=\"summary_large_image\" \/>\n<meta name=\"twitter:label1\" content=\"Gesch\u00e4tzte Lesezeit\" \/>\n\t<meta name=\"twitter:data1\" content=\"1\u00a0Minute\" \/>\n<script type=\"application\/ld+json\" class=\"yoast-schema-graph\">{\"@context\":\"https:\\\/\\\/schema.org\",\"@graph\":[{\"@type\":\"WebPage\",\"@id\":\"http:\\\/\\\/idmybusiness.com\\\/de\\\/ufaq\\\/je-suis-en-vacances-je-veux-adopter-un-chaton-a-marrakech\\\/\",\"url\":\"http:\\\/\\\/idmybusiness.com\\\/de\\\/ufaq\\\/je-suis-en-vacances-je-veux-adopter-un-chaton-a-marrakech\\\/\",\"name\":\"Je suis en vacances. Je veux adopter un chaton \u00e0 Marrakech - Le chat rouge\",\"isPartOf\":{\"@id\":\"http:\\\/\\\/idmybusiness.com\\\/de\\\/#website\"},\"datePublished\":\"2024-03-12T10:20:50+00:00\",\"dateModified\":\"2024-03-13T12:56:42+00:00\",\"breadcrumb\":{\"@id\":\"http:\\\/\\\/idmybusiness.com\\\/de\\\/ufaq\\\/je-suis-en-vacances-je-veux-adopter-un-chaton-a-marrakech\\\/#breadcrumb\"},\"inLanguage\":\"de\",\"potentialAction\":[{\"@type\":\"ReadAction\",\"target\":[\"http:\\\/\\\/idmybusiness.com\\\/de\\\/ufaq\\\/je-suis-en-vacances-je-veux-adopter-un-chaton-a-marrakech\\\/\"]}]},{\"@type\":\"BreadcrumbList\",\"@id\":\"http:\\\/\\\/idmybusiness.com\\\/de\\\/ufaq\\\/je-suis-en-vacances-je-veux-adopter-un-chaton-a-marrakech\\\/#breadcrumb\",\"itemListElement\":[{\"@type\":\"ListItem\",\"position\":1,\"name\":\"Accueil\",\"item\":\"http:\\\/\\\/idmybusiness.com\\\/de\\\/\"},{\"@type\":\"ListItem\",\"position\":2,\"name\":\"FAQs\",\"item\":\"http:\\\/\\\/idmybusiness.com\\\/de\\\/ufaq\\\/\"},{\"@type\":\"ListItem\",\"position\":3,\"name\":\"Je suis en vacances. Je veux adopter un chaton \u00e0 Marrakech\"}]},{\"@type\":\"WebSite\",\"@id\":\"http:\\\/\\\/idmybusiness.com\\\/de\\\/#website\",\"url\":\"http:\\\/\\\/idmybusiness.com\\\/de\\\/\",\"name\":\"Le chat rouge\",\"description\":\"Un site utilisant WordPress\",\"potentialAction\":[{\"@type\":\"SearchAction\",\"target\":{\"@type\":\"EntryPoint\",\"urlTemplate\":\"http:\\\/\\\/idmybusiness.com\\\/de\\\/?s={search_term_string}\"},\"query-input\":{\"@type\":\"PropertyValueSpecification\",\"valueRequired\":true,\"valueName\":\"search_term_string\"}}],\"inLanguage\":\"de\"}]}<\/script>\n<!-- \/ Yoast SEO plugin. -->","yoast_head_json":{"title":"Je suis en vacances. Je veux adopter un chaton \u00e0 Marrakech - Le chat rouge","robots":{"index":"index","follow":"follow","max-snippet":"max-snippet:-1","max-image-preview":"max-image-preview:large","max-video-preview":"max-video-preview:-1"},"canonical":"http:\/\/idmybusiness.com\/de\/ufaq\/je-suis-en-vacances-je-veux-adopter-un-chaton-a-marrakech\/","og_locale":"de_DE","og_type":"article","og_title":"Je suis en vacances. Je veux adopter un chaton \u00e0 Marrakech - Le chat rouge","og_description":"A Je suis en vacances. Je veux adopter un chaton \u00e0 Marrakech Kategorie: Adoptions Etape 1 &#8211; Je vaccine A 3 mois je fais un contr\u00f4le de sant\u00e9 chez le v\u00e9t\u00e9rinaire et la 1\u00e8re vaccination contre la rage A 4 mois, je fais le rappel de vaccination Etape 2 &#8211; S\u00e9rologie A 5 mois, le&hellip;","og_url":"http:\/\/idmybusiness.com\/de\/ufaq\/je-suis-en-vacances-je-veux-adopter-un-chaton-a-marrakech\/","og_site_name":"Le chat rouge","article_modified_time":"2024-03-13T12:56:42+00:00","twitter_card":"summary_large_image","twitter_misc":{"Gesch\u00e4tzte Lesezeit":"1\u00a0Minute"},"schema":{"@context":"https:\/\/schema.org","@graph":[{"@type":"WebPage","@id":"http:\/\/idmybusiness.com\/de\/ufaq\/je-suis-en-vacances-je-veux-adopter-un-chaton-a-marrakech\/","url":"http:\/\/idmybusiness.com\/de\/ufaq\/je-suis-en-vacances-je-veux-adopter-un-chaton-a-marrakech\/","name":"Je suis en vacances. Je veux adopter un chaton \u00e0 Marrakech - Le chat rouge","isPartOf":{"@id":"http:\/\/idmybusiness.com\/de\/#website"},"datePublished":"2024-03-12T10:20:50+00:00","dateModified":"2024-03-13T12:56:42+00:00","breadcrumb":{"@id":"http:\/\/idmybusiness.com\/de\/ufaq\/je-suis-en-vacances-je-veux-adopter-un-chaton-a-marrakech\/#breadcrumb"},"inLanguage":"de","potentialAction":[{"@type":"ReadAction","target":["http:\/\/idmybusiness.com\/de\/ufaq\/je-suis-en-vacances-je-veux-adopter-un-chaton-a-marrakech\/"]}]},{"@type":"BreadcrumbList","@id":"http:\/\/idmybusiness.com\/de\/ufaq\/je-suis-en-vacances-je-veux-adopter-un-chaton-a-marrakech\/#breadcrumb","itemListElement":[{"@type":"ListItem","position":1,"name":"Accueil","item":"http:\/\/idmybusiness.com\/de\/"},{"@type":"ListItem","position":2,"name":"FAQs","item":"http:\/\/idmybusiness.com\/de\/ufaq\/"},{"@type":"ListItem","position":3,"name":"Je suis en vacances. Je veux adopter un chaton \u00e0 Marrakech"}]},{"@type":"WebSite","@id":"http:\/\/idmybusiness.com\/de\/#website","url":"http:\/\/idmybusiness.com\/de\/","name":"Le chat rouge","description":"Un site utilisant WordPress","potentialAction":[{"@type":"SearchAction","target":{"@type":"EntryPoint","urlTemplate":"http:\/\/idmybusiness.com\/de\/?s={search_term_string}"},"query-input":{"@type":"PropertyValueSpecification","valueRequired":true,"valueName":"search_term_string"}}],"inLanguage":"de"}]}},"_links":{"self":[{"href":"http:\/\/idmybusiness.com\/de\/wp-json\/wp\/v2\/ufaq\/11840","targetHints":{"allow":["GET"]}}],"collection":[{"href":"http:\/\/idmybusiness.com\/de\/wp-json\/wp\/v2\/ufaq"}],"about":[{"href":"http:\/\/idmybusiness.com\/de\/wp-json\/wp\/v2\/types\/ufaq"}],"author":[{"embeddable":true,"href":"http:\/\/idmybusiness.com\/de\/wp-json\/wp\/v2\/users\/5"}],"replies":[{"embeddable":true,"href":"http:\/\/idmybusiness.com\/de\/wp-json\/wp\/v2\/comments?post=11840"}],"wp:attachment":[{"href":"http:\/\/idmybusiness.com\/de\/wp-json\/wp\/v2\/media?parent=11840"}],"wp:term":[{"taxonomy":"ufaq-category","embeddable":true,"href":"http:\/\/idmybusiness.com\/de\/wp-json\/wp\/v2\/ufaq-category?post=11840"},{"taxonomy":"ufaq-tag","embeddable":true,"href":"http:\/\/idmybusiness.com\/de\/wp-json\/wp\/v2\/ufaq-tag?post=11840"}],"curies":[{"name":"wp","href":"https:\/\/api.w.org\/{rel}","templated":true}]}}

Je suis en vacances. Je veux adopter un chaton à Marrakech

<div  class="ewd-ufaq-faq-list ewd-ufaq-page-type-distinct ewd-ufaq-category-tabs-" id='ewd-ufaq-faq-list'>

	<input type='hidden' name='show_on_load' value='' id='ewd-ufaq-show-on-load' />
<input type='hidden' name='include_category' value='' id='ewd-ufaq-include-category' />
<input type='hidden' name='exclude_category' value='' id='ewd-ufaq-exclude-category' />
<input type='hidden' name='orderby' value='title' id='ewd-ufaq-orderby' />
<input type='hidden' name='order' value='asc' id='ewd-ufaq-order' />
<input type='hidden' name='post_count' value='-1' id='ewd-ufaq-post-count' />
<input type='hidden' name='current_url' value='/de/wp-json/wp/v2/ufaq/11840' id='ewd-ufaq-current-url' />
	
	
	<div class='ewd-ufaq-faqs'>

		<div  class="ewd-ufaq-faq-div ewd-ufaq-faq-column-count-one ewd-ufaq-faq-responsive-columns- ewd-ufaq-faq-display-style-default ewd-ufaq-can-be-toggled" id='ewd-ufaq-post-11840-fVFWuDfodE' data-post_id='11840'>

		
	<div class='ewd-ufaq-faq-title ewd-ufaq-faq-toggle'>
	
	<a class='ewd-ufaq-post-margin'  href='#' role="button">

		<div class='ewd-ufaq-post-margin-symbol ewd-ufaq-'>
			<span >A</span>
		</div>

		<div class='ewd-ufaq-faq-title-text'>

			<h4>
				Je suis en vacances. Je veux adopter un chaton à Marrakech			</h4>

		</div>

		<div class='ewd-ufaq-clear'></div>

	</a>
	
</div>
	
	<div class='ewd-ufaq-faq-body' >

		
			<div class='ewd-ufaq-faq-categories'>
	
	Kategorie:
	
		Adoptions
	
</div>
		
			<div class='ewd-ufaq-post-margin ewd-ufaq-faq-post'>
	<h3></h3>
<h3>Etape 1 &#8211; Je vaccine</h3>
<div>A 3 mois je fais un contrôle de santé chez le vétérinaire et la 1ère vaccination contre la rage</div>
<div>A 4 mois, je fais le rappel de vaccination</div>
<div></div>
<h3>Etape 2 &#8211; Sérologie</h3>
<div>A 5 mois, le vétérinaire fait un prélèvement sanguin pour contrôler les anticorps</div>
<div>Il pose une puce pour l&#8217;identification</div>
<div></div>
<h3>Etape 3 &#8211; Le délai de carence</h3>
<div>Si le résultat du test est positif, je respecte un délai de carence de 3 mois avant de venir chercher mon chaton</div>
<div></div>
<h3>Etape 4 &#8211; Je cherche mon chaton</h3>
<div>Je le présente à l&#8217;ONSSA pour obtenir son autorisation de sortie du territoire marocaine</div>
<div>Je prends l&#8217;avion avec lui (Royal Air Maroc, Transavia, Air France ou Volotea)</div>
</div>
		
			
		
			
		
			
		
			
		
			
		
			<div class='ewd-ufaq-permalink'>
	
	<a href='http://idmybusiness.com/de/ufaq/je-suis-en-vacances-je-veux-adopter-un-chaton-a-marrakech/?Display_FAQ=11840'>
		
				 <div class='ewd-ufaq-permalink-image'></div> 	
	</a>

</div>
		
			
		
			
		
	</div>

</div>
	</div>

	
</div>

<p>A Je suis en vacances. Je veux adopter un chaton à Marrakech Kategorie: Adoptions Etape 1 &#8211; Je vaccine A 3 mois je fais un contrôle de santé chez le vétérinaire et la 1ère vaccination contre la rage A 4 mois, je fais le rappel de vaccination Etape 2 &#8211; Sérologie A 5 mois, le&hellip;</p>

<!-- This site is optimized with the Yoast SEO plugin v27.5 - https://yoast.com/product/yoast-seo-wordpress/ -->
<title>Je suis en vacances. Je veux adopter un chaton à Marrakech - Le chat rouge</title>
<meta name="robots" content="index, follow, max-snippet:-1, max-image-preview:large, max-video-preview:-1" />
<link rel="canonical" href="http://idmybusiness.com/de/ufaq/je-suis-en-vacances-je-veux-adopter-un-chaton-a-marrakech/" />
<meta property="og:locale" content="de_DE" />
<meta property="og:type" content="article" />
<meta property="og:title" content="Je suis en vacances. Je veux adopter un chaton à Marrakech - Le chat rouge" />
<meta property="og:description" content="A Je suis en vacances. Je veux adopter un chaton à Marrakech Kategorie: Adoptions Etape 1 &#8211; Je vaccine A 3 mois je fais un contrôle de santé chez le vétérinaire et la 1ère vaccination contre la rage A 4 mois, je fais le rappel de vaccination Etape 2 &#8211; Sérologie A 5 mois, le&hellip;" />
<meta property="og:url" content="http://idmybusiness.com/de/ufaq/je-suis-en-vacances-je-veux-adopter-un-chaton-a-marrakech/" />
<meta property="og:site_name" content="Le chat rouge" />
<meta property="article:modified_time" content="2024-03-13T12:56:42+00:00" />
<meta name="twitter:card" content="summary_large_image" />
<meta name="twitter:label1" content="Geschätzte Lesezeit" />
	<meta name="twitter:data1" content="1 Minute" />
<script type="application/ld+json" class="yoast-schema-graph">{"@context":"https:\/\/schema.org","@graph":[{"@type":"WebPage","@id":"http:\/\/idmybusiness.com\/de\/ufaq\/je-suis-en-vacances-je-veux-adopter-un-chaton-a-marrakech\/","url":"http:\/\/idmybusiness.com\/de\/ufaq\/je-suis-en-vacances-je-veux-adopter-un-chaton-a-marrakech\/","name":"Je suis en vacances. Je veux adopter un chaton à Marrakech - Le chat rouge","isPartOf":{"@id":"http:\/\/idmybusiness.com\/de\/#website"},"datePublished":"2024-03-12T10:20:50+00:00","dateModified":"2024-03-13T12:56:42+00:00","breadcrumb":{"@id":"http:\/\/idmybusiness.com\/de\/ufaq\/je-suis-en-vacances-je-veux-adopter-un-chaton-a-marrakech\/#breadcrumb"},"inLanguage":"de","potentialAction":[{"@type":"ReadAction","target":["http:\/\/idmybusiness.com\/de\/ufaq\/je-suis-en-vacances-je-veux-adopter-un-chaton-a-marrakech\/"]}]},{"@type":"BreadcrumbList","@id":"http:\/\/idmybusiness.com\/de\/ufaq\/je-suis-en-vacances-je-veux-adopter-un-chaton-a-marrakech\/#breadcrumb","itemListElement":[{"@type":"ListItem","position":1,"name":"Accueil","item":"http:\/\/idmybusiness.com\/de\/"},{"@type":"ListItem","position":2,"name":"FAQs","item":"http:\/\/idmybusiness.com\/de\/ufaq\/"},{"@type":"ListItem","position":3,"name":"Je suis en vacances. Je veux adopter un chaton à Marrakech"}]},{"@type":"WebSite","@id":"http:\/\/idmybusiness.com\/de\/#website","url":"http:\/\/idmybusiness.com\/de\/","name":"Le chat rouge","description":"Un site utilisant WordPress","potentialAction":[{"@type":"SearchAction","target":{"@type":"EntryPoint","urlTemplate":"http:\/\/idmybusiness.com\/de\/?s={search_term_string}"},"query-input":{"@type":"PropertyValueSpecification","valueRequired":true,"valueName":"search_term_string"}}],"inLanguage":"de"}]}</script>
<!-- / Yoast SEO plugin. -->

Je suis en vacances. Je veux adopter un chaton à Marrakech - Le chat rouge

A Je suis en vacances. Je veux adopter un chaton à Marrakech Kategorie: Adoptions Etape 1 &#8211; Je vaccine A 3 mois je fais un contrôle de santé chez le vétérinaire et la 1ère vaccination contre la rage A 4 mois, je fais le rappel de vaccination Etape 2 &#8211; Sérologie A 5 mois, le&hellip;
